12301
Convert 35477 (base 8) to base 15.
4762
What is -233333 (base 4) in base 9?
-4182
-1342 (base 7) to base 6
-2224
Convert -185 (base 11) to base 16.
-d6
Convert 1442 (base 5) to base 8.
367
Convert 2254 (base 11) to base 3.
11001202
78 (base 9) to base 11
65
33048 (base 9) to base 14
7db4
What is -225 (base 15) in base 3?
-122222
Convert -144 (base 10) to base 16.
-90
110000100001110 (base 2) to base 3
1021002020
What is 2cf (base 16) in base 5?
10334
Convert -1773 (base 9) to base 15.
-60c
Convert -2120122 (base 3) to base 16.
-758
Convert 1004343 (base 6) to base 3.
2102101000
What is -a8ab (base 16) in base 10?
-43179
What is -1500 (base 9) in base 5?
-14014
401 (base 8) to base 10
257
What is -112110000 (base 3) in base 13?
-4a40
Convert -222020100 (base 3) to base 9.
-28210
1101211001 (base 3) to base 9
41731
Convert 21010 (base 3) to base 9.
233
Convert 223 (base 5) to base 6.
143
-28c3 (base 13) to base 3
-22002201
Convert -923a (base 15) to base 3.
-1120100201
-1001011110011 (base 2) to base 13
-2292
-38f9 (base 16) to base 12
-8535
Convert -6a8 (base 14) to base 7.
-3601
Convert -10240 (base 5) to base 13.
-416
What is 42234 (base 5) in base 6?
21015
Convert -54546 (base 7) to base 13.
-62a6
-1c1 (base 13) to base 5
-2301
-15251 (base 8) to base 3
-100100210
What is 5224 (base 8) in base 15?
c08
What is -994 (base 10) in base 9?
-1324
Convert 122212112 (base 3) to base 4.
3023210
Convert 1323 (base 4) to base 12.
a3
Convert 27724 (base 8) to base 6.
132404
21330 (base 4) to base 12
450
What is 3977 (base 10) in base 3?
12110022
What is 321424 (base 5) in base 8?
25160
What is -60 (base 13) in base 2?
-1001110
14330 (base 7) to base 12
2345
What is -23d (base 15) in base 9?
-624
Convert -888 (base 9) to base 16.
-2d8
-22f8 (base 16) to base 8
-21370
216 (base 14) to base 6
1524
Convert -2765 (base 15) to base 11.
-6365
Convert -1bb (base 15) to base 3.
-112212
What is 9e0b (base 15) in base 12?
174a8
Convert -2024 (base 5) to base 10.
-264
11c (base 14) to base 10
222
-124400 (base 5) to base 14
-1b55
648 (base 10) to base 4
22020
-213 (base 9) to base 5
-1144
Convert 1223 (base 9) to base 7.
2442
3943 (base 11) to base 15
17be
What is -11100200 (base 3) in base 10?
-3177
Convert 1200 (base 14) to base 8.
6100
What is 100100101 (base 2) in base 5?
2133
Convert -1271 (base 12) to base 4.
-200311
-16e (base 16) to base 10
-366
-2311 (base 6) to base 9
-667
-c1e (base 15) to base 12
-16b5
-5152 (base 6) to base 14
-5c0
-2cd (base 15) to base 10
-643
-1969 (base 16) to base 9
-8827
What is -1710 (base 12) in base 3?
-10202210
What is 2420 (base 6) in base 9?
723
-3344 (base 5) to base 15
-219
51c (base 13) to base 12
606
21100 (base 3) to base 15
d3
1909 (base 13) to base 15
1187
What is 38b (base 12) in base 4?
20123
211011 (base 3) to base 13
370
1517 (base 10) to base 12
a65
-139b4 (base 12) to base 5
-1333402
What is 122101 (base 4) in base 11?
1299
-6607 (base 8) to base 11
-2669
What is 21050 (base 8) in base 5?
234434
Convert -144 (base 14) to base 8.
-400
-1729 (base 11) to base 6
-14121
991b (base 13) to base 5
1140233
-21123 (base 4) to base 14
-311
Convert -81b (base 13) to base 4.
-111200
Convert -271 (base 12) to base 9.
-454
What is 4647 (base 16) in base 2?
100011001000111
What is 3018 (base 11) in base 10?
4012
-14640 (base 8) to base 3
-22222222
What is c6 (base 13) in base 5?
1122
What is -24346 (base 7) in base 11?
-4858
Convert 10101111000001 (base 2) to base 13.
5138
13123 (base 4) to base 15
21a
What is 5a4 (base 16) in base 6?
10404
Convert 722 (base 14) to base 10.
1402
What is -662b (base 14) in base 9?
-26223
-164a9 (base 13) to base 9
-64336
Convert 211 (base 12) to base 10.
301
What is -33 (base 12) in base 10?
-39
Convert 143452 (base 7) to base 9.
41857
12635 (base 9) to base 6
103305
143453 (base 6) to base 4
3113121
Convert -1100110110110101 (base 2) to base 11.
-36624
Convert 201010 (base 3) to base 8.
1004
What is -131 (base 14) in base 13?
-155
-1117 (base 9) to base 4
-30322
-1376 (base 10) to base 5
-21001
Convert 10651 (base 15) to base 5.
3131201
Convert -11110101101 (base 2) to base 11.
-1527
Convert -112202202 (base 3) to base 16.
-2a0e
-14 (base 13) to base 5
-32
What is 110110000 (base 2) in base 9?
530
21532 (base 6) to base 10
3008
What is -242 (base 13) in base 2?
-110001000
Convert -4c34 (base 14) to base 11.
-a059
Convert -1148d (base 14) to base 10.
-42069
Convert aa1 (base 11) to base 7.
3565
-11421 (base 6) to base 4
-122011
Convert 1854 (base 11) to base 12.
1446
What is -192 (base 11) in base 10?
-222
110 (base 16) to base 4
10100
1002 (base 3) to base 15
1e
Convert -1020220 (base 3) to base 10.
-915
What is 1064 (base 10) in base 13?
63b
Convert -93 (base 15) to base 3.
-12010
-11021200 (base 3) to base 12
-1983
What is -152140 (base 7) in base 12?
-15147
Convert -612 (base 16) to base 10.
-1554
What is 40101 (base 6) in base 10?
5221
What is -111010100010 (base 2) in base 8?
-7242
121101102 (base 3) to base 10
11945
Convert 1962 (base 11) to base 6.
15304
What is 253 (base 14) in base 10?
465
Convert 23327 (base 8) to base 6.
114011
72146 (base 9) to base 6
1003540
1314 (base 7) to base 15
236
What is -1594 (base 14) in base 11?
-2994
Convert -bca (base 16) to base 3.
-11010210
Convert -c08 (base 15) to base 8.
-5224
What is 2c (base 16) in base 13?
35
What is 901 (base 12) in base 8?
2421
Convert 322333 (base 5) to base 2.
10101011011000
Convert -100101100110100 (base 2) to base 15.
-5a87
Convert 2b73 (base 12) to base 16.
1407
2253 (base 7) to base 12
586
Convert -222462 (base 8) to base 4.
-102110302
What is -202121 (base 3) in base 14?
-2ba
What is -1004111 (base 6) in base 10?
-47563
1322300 (base 5) to base 15
7d1a
-103443 (base 7) to base 14
-6823
Convert 9811 (base 10) to base 8.
23123
What is 424 (base 7) in base 4?
3112
12021202 (base 3) to base 12
2292
Convert 17a93 (base 11) to base 9.
37587
2112111 (base 3) to base 11
1431
What is 457 (base 14) in base 10?
861
What is -103a7 (base 11) in base 8?
-35421
Convert 223 (base 13) to base 4.
11233
Convert -25727 (base 8) to base 12.
-65b3
Convert 100211022 (base 3) to base 8.
15773
-1c72 (base 13) to base 8
-10336
Convert 125 (base 10) to base 16.
7d
What is 559 (base 10) in base 15?
274
What is -2330 (base 7) in base 16?
-356
25326 (base 9) to base 15
50a9
Convert -3130 (base 4) to base 5.
-1340
Convert 540 (base 6) to base 4.
3030
110112212 (base 3) to base 6
110205
What is 31562 (base 7) in base 8?
17233
What is -34a (base 12) in base 14?
-270
Convert 110 (base 13) to base 16.
b6
278 (base 11) to base 5
2302
What is 1013 (base 5) in base 7?
250
-192 (base 10) to base 2
-11000000
14440 (base 6) to base 4
210120
Convert -103411 (base 6) to base 11.
-6496
-12200030 (base 4) to base 7
-140441
Convert 91b (base 14) to base 15.
7e4
Convert -1051 (base 10) to base 16.
-41b
Convert -31032 (base 6) to base 8.
-10034
Convert 332 (base 7) to base 10.
170
What is -150a6 (base 15) in base 14?
-1a928
6013 (base 7) to base 13
c31
2135 (base 6) to base 15
22b
What is -13118 (base 9) in base 7?
-34535
Convert 3a09 (base 15) to base 11.
9339
-6525 (base 9) to base 16
-12c2
Convert 178 (base 11) to base 9.
248
-20321 (base 5) to base 16
-538
Convert -11110111001 (base 2) to base 12.
-1189
Convert 5e51 (base 15) to base 6.
233021
What is -16365 (base 9) in base 7?
-44522
-15040 (base 9) to base 7
-41601
Convert -1046 (base 9) to base 5.
-11041
Convert -17b7 (base 16) to base 11.
-461a
Convert 824 (base 9) to base 14.
35c
What is 30132 (base 4) in base 10?
798
Convert 524 (base 7) to base 13.
173
What is -1737 (base 10) in base 8?
-3311
Convert 553 (base 8) to base 14.
1bd
12217 (base 8) to base 15
185d
11430 (base 5) to base 8
1541
What is 8087 (base 11) in base 13?
4b75
What is 698d (base 14) in base 5?
1041403
2005 (base 16) to base 3
102020121
What is 4084 (base 12) in base 2?
1101101100100
Convert 68a (base 16) to base 7.
4611
Convert -cd (base 16) to base 12.
-151
-14c22 (base 14) to base 10
-51774
Convert -6876 (base 9) to base 7.
-20562
-563 (base 15) to base 12
-856
What is -101001100101000 (base 2) in base 16?
-5328
What is -5386 (base 10) in base 11?
-4057
Convert -200540 (base 7) to base 11.
-23507
What is 1187 (base 13) in b